493553709?
True
Does 54 divide 1805727538?
False
Is 4886825 a multiple of 172?
False
Is 21 a factor of 7712460?
True
Is 28543294 a multiple of 3?
False
Is 505790748 a multiple of 12?
True
Does 53 divide 444550114?
True
Does 62 divide 22571025?
False
Is 2467145 a multiple of 5?
True
Does 3 divide 6199764?
True
Is 25 a factor of 138804500?
True
Is 32 a factor of 57234347?
False
Does 69 divide 106023473?
False
Is 264 a factor of 225005614?
False
Is 67112240 a multiple of 1040?
True
Is 839396110 a multiple of 1206?
False
Is 899642765 a multiple of 35?
True
Is 65695150 a multiple of 25?
True
Is 242866557 a multiple of 333?
True
Is 284581588 a multiple of 16?
False
Does 560 divide 240118331?
False
Does 54 divide 1666324100?
False
Is 22601700 a multiple of 450?
True
Is 8 a factor of 6684293?
False
Is 2 a factor of 81844268?
True
Does 34 divide 79435833?
False
Is 230579817 a multiple of 2379?
True
Is 137254158 a multiple of 51?
True
Does 685 divide 1531822345?
True
Is 806383747 a multiple of 47?
True
Does 3 divide 33642874?
False
Is 2138 a factor of 85951876?
True
Does 12 divide 102565962?
False
Is 276213487 a multiple of 29?
True
Is 657519226 a multiple of 58?
False
Is 74 a factor of 2304794?
False
Is 418715755 a multiple of 16?
False
Is 490 a factor of 4419353120?
True
Does 628 divide 3701701412?
True
Is 787 a factor of 191216603?
True
Is 163034586 a multiple of 387?
True
Is 27 a factor of 79987514?
False
Does 33 divide 36392466?
True
Is 14 a factor of 11450054?
True
Is 1458693754 a multiple of 14?
True
Is 112989708 a multiple of 54?
True
Does 6247 divide 1243199710?
False
Is 122601640 a multiple of 8?
True
Is 16 a factor of 4116829?
False
Is 140 a factor of 99173874?
False
Is 42286800 a multiple of 316?
False
Is 609 a factor of 24383142?
True
Is 155 a factor of 85239925?
True
Is 22 a factor of 29346041?
False
Does 4350 divide 2959953150?
True
Is 775 a factor of 17220620?
False
Is 740703082 a multiple of 1834?
True
Is 30756885 a multiple of 452?
False
Is 8 a factor of 41626936?
True
Is 8 a factor of 1005407232?
True
Is 2970 a factor of 128877712?
False
Is 8880314 a multiple of 28?
False
Is 59803938 a multiple of 9?
True
Is 2102 a factor of 14285437?
False
Is 37 a factor of 2972075?
False
Is 81408056 a multiple of 2793?
False
Does 4088 divide 840815752?
True
Is 4706 a factor of 338163748?
True
Is 1417809792 a multiple of 3408?
True
Is 1515 a factor of 900126645?
True
Does 9831 divide 1302227308?
False
Is 103848905 a multiple of 11?
False
Is 14 a factor of 32118800?
True
Is 22 a factor of 237070262?
True
Is 642017358 a multiple of 237?
True
Does 5 divide 4305250?
True
Is 562 a factor of 162412380?
True
Is 101474303 a multiple of 5325?
False
Does 125 divide 22421250?
True
Does 5 divide 1565875692?
False
Does 630 divide 9543870?
True
Does 613 divide 699915400?
False
Does 34 divide 31280612?
True
Is 10475129 a multiple of 269?
True
Is 2295 a factor of 352975590?
True
Does 35 divide 3037835?
False
Is 27266638 a multiple of 266?
False
Is 26 a factor of 709982?
True
Does 460 divide 537092780?
True
Does 5956 divide 524044616?
True
Is 739245 a multiple of 11?
False
Does 3 divide 10799388?
True
Is 143 a factor of 3529194383?
True
Is 27626977 a multiple of 2?
False
Is 5 a factor of 8162968?
False
Does 770 divide 75473090?
True
Does 7 divide 171563742?
True
Is 61450440 a multiple of 172?
True
Is 200736425 a multiple of 475?
True
Does 457 divide 10724876?
True
Is 304 a factor of 24149989?
False
Does 21 divide 34973733?
False
Does 85 divide 1835651726?
False
Is 18 a factor of 2771749833?
False
Is 16960945 a multiple of 64?
False
Is 489101429 a multiple of 1448?
False
Is 530 a factor of 959373479?
False
Is 79863705 a multiple of 48?
False
Is 17 a factor of 2314808000?
False
Does 124 divide 36850113?
False
Is 57 a factor of 351886536?
True
Is 2694506267 a multiple of 821?
False
Is 7128225 a multiple of 195?
True
Is 30777999 a multiple of 177?
True
Is 28060725 a multiple of 5?
True
Is 43 a factor of 79646703?
False
Is 15591707 a multiple of 392?
False
Is 19 a factor of 771893669?
False
Is 6283 a factor of 123977192?
False
Is 51297900 a multiple of 1515?
True
Does 66 divide 50354510?
False
Is 17 a factor of 339292796?
False
Is 75 a factor of 224549418?
False
Does 17 divide 5202476?
True
Does 3 divide 3571320?
True
Is 48153233 a multiple of 15?
False
Is 378 a factor of 167579496?
True
Does 8 divide 283444960?
True
Is 1016 a factor of 35831272?
True
Is 10964276 a multiple of 364?
False
Is 2044650535 a multiple of 446?
False
Does 5399 divide 879385606?
False
Is 599432506 a multiple of 6615?
False
Does 2379 divide 60315914?
False
Does 3512 divide 2442919149?
False
Is 285 a factor of 96807542?
False
Does 2 divide 1034370?
True
Is 351 a factor of 1920033180?
True
Is 683526000 a multiple of 50?
True
Does 5450 divide 89772400?
True
Is 764499996 a multiple of 7956?
True
Is 634 a factor of 72947778?
False
Is 27 a factor of 13684491?
True
Is 187 a factor of 5488230591?
False
Does 813 divide 29494827?
True
Is 95011840 a multiple of 5302?
True
Is 3411862 a multiple of 2311?
False
Is 51 a factor of 6799218?
True
Does 2 divide 9387142?
True
Is 1131406990 a multiple of 122?
False
Does 2364 divide 756059119?
False
Is 31650075 a multiple of 225?
True
Is 81903076 a multiple of 82?
True
Is 822 a factor of 84013382?
False
Does 1390 divide 4657958110?
True
Is 66 a factor of 1148957964?
True
Is 26 a factor of 1578651144?
False
Is 183 a factor of 11731375?
False
Does 93 divide 544338393?
True
Is 28157004 a multiple of 27?
True
Is 49 a factor of 53708962?
False
Is 722 a factor of 129406948?
True
Does 34 divide 93274172?
True
Is 849 a factor of 302430780?
True
Is 11191842 a multiple of 144?
False
Is 209 a factor of 55058751?
True
Is 47 a factor of 157683919?
True
Is 1365 a factor of 179451090?
True
Does 41 divide 119592367?
True
Does 29 divide 96049834?
False
Is 15 a factor of 2354089440?
True
Is 4372 a factor of 485573505?
False
Does 161 divide 33164419?
False
Is 25736397 a multiple of 2351?
True
Is 1518 a factor of 405092382?
False
Is 341866499 a multiple of 317?
False
Is 73664100 a multiple of 25?
True
Is 3224 a factor of 497566368?
True
Does 13 divide 300456543?
False
Is 1532 a factor of 46051784?
False
Is 15 a factor of 63779625?
True
Is 27 a factor of 59354181?
True
Is 14 a factor of 349862940?
True
Does 102 divide 56701995?
False
Is 238751679 a multiple of 3733?
False
Is 9 a factor of 2355588?
True
Is 2450414120 a multiple of 28?
True
Is 6 a factor of 450067080?
True
Does 452 divide 64264456?
True
Is 5649297602 a multiple of 471?
False
Is 623 a factor of 14436156?
True
Is 10542273 a multiple of 146?
False
Is 12 a factor of 106809600?
True
Is 14 a factor of 48449957?
False
Is 15 a factor of 324634244?
False
Is 71074299 a multiple of 39?
False
Is 216 a factor of 14953896?
True
Is 25 a factor of 72082350?
True
Is 30 a factor of 58375740?
True
Is 4062 a factor of 194407320?
True
Is 8 a factor of 13580338?
False
Is 19 a factor of 17715997?
False
Is 24319052 a multiple of 1504?
False
Does 9 divide 18419130?
True
Does 252 divide 32943458?
False
Does 25 divide 100849350?
True
Does 153 divide 34102607?
False
Is 7796376 a multiple of 7?
True
Is 352062081 a multiple of 63?
True
Is 179741700 a multiple of 36?
True
Does 1259 divide 301640033?
True
Is 9260450 a multiple of 890?
True
Is 31419260 a multiple of 137?
False
Is 216154079 a multiple of 3?
False
Is 2107136056 a multiple of 116?
True
Is 25 a factor of 55951818?
False
Is 56362336 a multiple of 1376?
True
Does 4 divide 89069956?
True
Is 39871636 a multiple of 40?
False
Is 4742591601 a multiple of 47?
False
Is 132 a factor of 37320061?
False
Is 6 a factor of 6325462?
False
Is 326481995 a multiple of 1285?
False
Is 9 a factor of 4403142?
True
Is 9 a factor of 2430078?
False
Is 317 a factor of 42823847?
True
Is 32 a factor of 73622378?
False
Is 8664826 a multiple of 94?
True
Is 463 a factor of 55185896?
True
Does 9 divide 15673629?
False
Is 19 a factor of 5808487?
False
Does 577 divide 10447739?
True
Is 1913834064 a multiple of 228?
False
Is 36295119 a multiple of 1030?
False
Is 28 a factor of 1585189552?
False
Is 7 a factor of 11663881?
False
Is 41 a factor of 171326356?
False
Is 139 a factor of 30580562?
False
Does 9 divide 17193009?
False
